 divided by 17.
16
Suppose 5*a - 47 + 7 = 0. Suppose 0 = 3*x - 4*x + 23. Calculate the remainder when x is divided by a.
7
Suppose 0 = x + 1 - 0. What is the remainder when -2*x/2*21 is divided by (55/3)/5*3?
10
Let s(n) = -n**2 - 8*n - 3. Let j be s(-8). Let l(w) = 13*w. Let g be l(j). Let z = -19 - g. Calculate the remainder when z is divided by 7.
6
Let x(b) = 5*b**3 + 19*b**2 - 23*b + 10. Let n(w) = -2*w**3 - 9*w**2 + 11*w - 5. Let c(g) = 7*n(g) + 3*x(g). Calculate the remainder when 18 is divided by c(5).
8
Let y(x) = x**2 - 6*x + 1. Let a be y(6). Calculate the remainder when 10*(a + 0 - -1) is divided by (1 + 0/(-1))*11.
9
Suppose s - 30 + 11 = -2*m, 47 = 5*m + 3*s. Suppose 0 = l - 17 - m. What is the remainder when l is divided by (-1 + 7)*7/3?
13
Let m be 55/5 - (1 - -2). Let q = -5 + m. Calculate the remainder when 5 is divided by q.
2
Suppose 2*g - 2*c - 296 = 0, 0 = 3*g - 4*c - 1 - 439. Calculate the remainder when g is divided by 17.
16
Suppose 64 + 320 = 8*k. What is the remainder when k is divided by 13?
9
Let v = -27 + 41. Let d = v + 6. Calculate the remainder when 38 is divided by d.
18
Suppose -5*x + 2*x + 15 = 0. Calculate the remainder when 19 is divided by x.
4
Suppose 0 + 5 = s. What is the remainder when 22 is divided by s?
2
Suppose 8*h - 60 = 2*h. Calculate the remainder when h is divided by 6.
4
Let l(h) = -22*h. Let t be l(-3). Let z = -28 + t. Let c = 9 - -1. What is the remainder when z is divided by c?
8
Suppose -4*o + 24 = -3*b, 0*o + b = -4*o + 8. Suppose 5*z - c - 40 = -4*c, -2*c - 24 = -3*z. Calculate the remainder when z is divided by o.
2
Let t(k) = 14*k - 7. Let g be t(6). Suppose -g = -3*x - 4*p, -x - 7 + 51 = 5*p. Calculate the remainder when 55 is divided by x.
17
Let z(j) = -27*j - 1. Suppose -3 = 3*i + 3. Calculate the remainder when z(i) is divided by 28.
25
Let x be (3 - -10)/(2 - 1). Suppose m - x + 5 = 0. Let u = 3 + m. What is the remainder when u is divided by 4?
3
Let d = 12 - 4. Let q be -3 - (-3 + (-2)/(-1)). Calculate the remainder when (-4 - -2)*15/q is divided by d.
7
Suppose -79 - 81 = 4*f. Calculate the remainder when 39 is divided by f/(-6)*(-3 + 6).
19
Let x(t) = -t**3 + 2*t**2 + 4*t + 4. What is the remainder when 33 is divided by x(-2)?
9
Let z = 30 - 18. Calculate the remainder when z is divided by 6/15 - (-69)/15.
2
Suppose -4*o = -16, -4*o + 75 = 5*r - 46. What is the remainder when r is divided by 11?
10
Suppose 2*i - 60 = -3*q, -6*q + q = 3*i - 99. Calculate the remainder when 34 is divided by q.
16
Suppose 5*x - 248 - 57 = 0. Suppose -29 - x = -6*j. Calculate the remainder when 57 is divided by j.
12
Let j(t) = 24*t - 2. Let w be j(3). Suppose 0*m = 5*m - w. Calculate the remainder when m is divided by 8.
6
Suppose 13 = 2*w - w. Let q(u) = 0*u**2 + 2 + u**2 + 2*u + 0*u. What is the remainder when q(5) is divided by w?
11
Let j = 95 + -44. What is the remainder when j is divided by 19?
13
Suppose 3*o = 2*g + 43, 4*g + 71 = 7*o - 2*o. What is the remainder when 44 is divided by o?
14
Let b = -15 + 29. Let r(z) = -z**2 + 0*z + 1 + z + 7*z**2. What is the remainder when r(2) is divided by b?
13
Let o = 73 + -64. Calculate the remainder when 78 is divided by o.
6
Suppose -26*x + 68 = -24*x. Calculate the remainder when x is divided by 10.
4
Suppose -16*c + 20*c = 28. Calculate the remainder when 48 is divided by c.
6
Let m(j) = 2*j**3 + 6*j**2 - 3*j + 1. Calculate the remainder when 39 is divided by m(-3).
9
Let i be (77 + 0)/1 - 2. Suppose 3*m = -x + i, 3*m - 4*x = -3*x + 69. Let f = -8 + m. Calculate the remainder when f is divided by 6.
4
Suppose -3*w - 17 + 167 = 0. Calculate the remainder when w is divided by (-3*6 - -5)/(-1 + 0).
11
Suppose 2*f - 5*f + 237 = 0. What is the remainder when f is divided by 8?
7
Suppose 5*s - 72 = 2*s. Suppose -z - 2*z - s = -h, -4*h = 3*z - 21. Suppose -c = 3*y - 46, -4*c = y - 74 - 66. What is the remainder when c is divided by h?
7
Let a(d) = -d**3 - 7*d**2 + 3*d + 8. Let w be a(-7). Let l(k) = -2*k + 1. Calculate the remainder when l(w) is divided by 14.
13
Let a(g) = -g**3 + 6*g**2 - 6*g + 6. Let h be a(5). What is the remainder when 49 is divided by h*12 + 2/2?
10
Let j be 800/44 + 4/(-22). Suppose 3*b = 4*b - j. Calculate the remainder when 52 is divided by b.
16
Let w = -51 - -85. What is the remainder when w is divided by 10?
4
Suppose -j = -5*z + 3, 4*j + 9*z = 8*z + 72. Calculate the remainder when 32 is divided by j.
15
Suppose -4*i + 0 = 20, 5*i + 10 = -3*f. Suppose 2*q - 8 = -5*r, 3*r + 2*r + 90 = 5*q. What is the remainder when q is divided by f?
4
Suppose -3*a = 5*p - 64, 39 = 5*a + p - 97. Let z = -15 + a. What is the remainder when 36 is divided by z?
10
Let x(m) = 15*m. Let w be x(-1). Let a = w - -26. Calculate the remainder when 21 is divided by a.
10
Let a(j) = 21*j - 24. What is the remainder when a(4) is divided by 19?
3
Let b = -40 - -55. Calculate the remainder when 29 is divided by b.
14
Suppose -2*f = -3*f + 3. What is the remainder when 9 is divided by f?
0
Let h = 22 + -19. What is the remainder when 5 is divided by 6/5*5/h?
1
What is the remainder when 261 is divided by (1 + 170/6)*(-48)/(-32)?
41
Let w(d) = d**3 - 7*d**2 - d + 9. What is the remainder when 2 is divided by w(7)?
0
Suppose 4*b - 14 = -q, 4*b - 24 = -b + 2*q. What is the remainder when b is divided by 4?
0
Let f = -7 + 17. Calculate the remainder when 27 is divided by f.
7
Suppose -6*x + 1834 = 598. Let w = 303 - x. What is the remainder when w is divided by 25?
22
Let o = -3 - -8. Suppose -o + 3 = -w. Suppose 0 = 3*f - 3*a - 27, 33 = 3*f - w*f + 5*a. What is the remainder when 25 is divided by f?
12
Let y(n) = -11*n + 6. Let k = -12 - -7. What is the remainder when y(k) is divided by 21?
19
Let t(o) = o**3 - 5*o**2 + 3*o + 2. Let l = -1 + 3. Let s(m) = 3*m**3 + 2*m**2 + 2*m - 3. Calculate the remainder when s(l) is divided by t(5).
16
Let m be (10/(-15))/(4/(-30)). Suppose 5*o = n + 4, 0*n - m*n - 3*o = -64. Let x(l) = -l**3 + 4*l**2 + 2*l - 4. What is the remainder when n is divided by x(4)?
3
What is the remainder when 14 is divided by (-357)/(-34) - (-3)/(-2)?
5
Calculate the remainder when 53 is divided by (10 - (-20)/5)/1.
11
Suppose -21 = p + 4*x, 0 = -4*x + x - 9. Calculate the remainder when 77 is divided by (-12)/(-8)*(-120)/p.
17
Suppose 0 = -4*z + 2 - 6. Let k = z + 7. What is the remainder when 23 is divided by k?
5
Suppose -200 = -6*n - 4*n. What is the remainder when 75 is divided by n?
15
Suppose -5*t - 4*a - 12 = 0, 0 = 5*t - 2*a + 8 + 16. Suppose -2*m - m + 57 = 0. What is the remainder when m is divided by (-5)/20 - 45/t?
8
Let r be (1*-5 - 0)*-2. Let d be r/15*3/2. Calculate the remainder when d*(22 + 2/2) is divided by 8.
7
Let o(u) = 73*u**3 + u**2 - 3*u + 2. What is the remainder when o(1) is divided by 16?
9
Suppose -3*z - 89 = -5*b - 4*z, 2*z = 8. Calculate the remainder when b is divided by 9.
8
Let o = -11 + 1. Let d = -4 - o. Suppose w = -5*g - d, 5*g = 2*g - 12. What is the remainder when 26 is divided by w?
12
Suppose u + 3 = 2*o + 16, 13 = u + 4*o. Let t be ((-37)/4)/((-1)/(-4)). Calculate the remainder when 1/(36/t + 1) is divided by u.
11
Let p(x) = -x**3 - x**2 + 5*x - 6. What is the remainder when p(-5) is divided by 18?
15
Let g(a) = -5*a - 10. What is the remainder when 16 is divided by g(-3)?
1
Let t be 10/25 - 2/5. Let s = t - -1. Suppose s = 2*i - 3. Calculate the remainder when 3 is divided by i.
1
Let r(q) = -11*q - 4. What is the remainder when 23 is divided by r(-1)?
2
Suppose 45 + 32 = z - 5*l, -3*l - 255 = -3*z. What is the remainder when z is divided by 3 + (34/2 - (0 - 2))?
21
Suppose -2 = -4*z + 58. Calculate the remainder when 58 is divided by z.
13
Let m(c) = 5*c. What is the remainder when 58 is divided by m(4)?
18
Let h = -1 - 6. Let v be (1 + 1 - 1)*h. Let g = v - -9. What is the remainder when 4 is divided by g?
0
Suppose 2*m = 4*m - 3*x - 19, -m - x + 2 = 0. What is the remainder when 6 is divided by m?
1
Let v(k) = -9*k**3 + k**2 - 1. Let q be v(-1). Let i be (0 + -3)*(6 + -9). Suppose -i = -2*n + q. Calculate the remainder when 17 is divided by n.
8
Let u(a) = a**2 - 24*a + 69. Calculate the remainder when u(23) is divided by 13.
7
Let z(n) = -n. Let o be z(-3). Suppose 3*s + 17 = o*g + 2*s